 16*z - 7929. Determine q(6).
-4
Let b(o) = -17222*o + 26. Let w(s) = -1435*s + 2. Let t(m) = -b(m) + 12*w(m). Suppose -3*n - 10 = -4*l - 24, 1 = -l + 2*n. Give t(l).
-12
Let n(p) be the third derivative of -p**6/120 - 7*p**5/12 - 4*p**4/3 + 43*p**3/6 - p**2 - 653. What is n(-34)?
-25
Let s = 2165 - 2163. Let p(j) be the second derivative of -7*j + 0 + 1/6*j**3 + 4*j**s. Give p(-9).
-1
Suppose 0 = 17*p + 1822 + 2938. Let u be 2/(-10) + p/(-25). Let x(j) = -j**2 + 13*j - 14. What is x(u)?
8
Let z(v) = 2*v + 1. Let r(u) = 2*u + 1. Let c = 377 + -383. Let f(m) = c*z(m) + 5*r(m). Let d = -5 - -1. Determine f(d).
7
Let h(g) be the third derivative of 1/24*g**4 + 0 - g**2 + 1/120*g**6 + 1/60*g**5 + 0*g - 1/6*g**3. Let i = 3658 + -3660. Give h(i).
-7
Suppose -9718*c - 162 = -9745*c. Let d(h) be the third derivative of -h**6/120 + 7*h**5/60 - h**4/4 + 16*h**2. What is d(c)?
0
Let b(v) be the third derivative of v**5/120 - v**4/12 + 5*v**3/2 - 3*v**2 + 9*v. Let o(t) be the first derivative of b(t). Determine o(7).
5
Let g(b) be the first derivative of -3*b**3 - 2*b**2 + 3*b + 1430. Give g(1).
-10
Let y(h) = -1554*h + 3034*h - 7*h**2 - 1534*h + 1. Give y(-9).
-80
Suppose 6*y + 18 - 3 = -9. Let c(v) = 2*v**2 + 7*v - 6. Determine c(y).
-2
Let l(r) = -4*r**3 - 8*r - 15. Let d be l(-2). Let g(c) = -45 + 21*c**2 - c**3 + 45 - d*c**2 + 13*c. What is g(-13)?
0
Let m(g) = g**2 - 12*g + 4. Let y(i) = -7*i - 33. Let z(j) = 13*j + 64. Let h(p) = 5*y(p) + 3*z(p). Let d be h(-4). Determine m(d).
-7
Let m(x) = x**2 + 12*x - 19. Let y(t) = 3*t + 61. Let s be y(-12). Suppose -4*g = 2*o + 54, -2*g = -0*o - o + s. Give m(g).
-6
Let m(x) = -x**3 + 7*x**2 + 12*x - 4. Suppose 0 = 2*a - 56 - 26. Suppose 0 = 3*f + r - 27, 5*f + 3*r = f + a. Calculate m(f).
28
Suppose m + 4*r + 11 = 0, -5*r = 3*m + 8 + 4. Let y be (7/(-14))/((-1)/626). Let g(k) = y*k - 2 + 2 - 301*k. Calculate g(m).
12
Suppose 888 - 139 = 195*b - 616. Let j(a) = -a**3 + 7*a**2 + 5*a - 1. Determine j(b).
34
Let v(u) = -17*u - 16. Let z(r) = 114*r + 572. Let s be z(-5). Determine v(s).
-50
Let h be 0/(-3 + 7 + -2). Suppose h = -j + 7 - 5. Suppose -5*q + s = 20, -3*q + s = j*s + 20. Let a(l) = -l**3 - 6*l**2 - 6*l + 1. What is a(q)?
6
Suppose 56*k - 22*k = 170. Suppose k*n - 5 = 2*v, -v = 3*n - 16 - 9. Let f(w) = -w**3 + 10*w**2 - 2*w + 13. What is f(v)?
-7
Let h = -1770 + 1772. Let b(v) = 8*v**2 - v. What is b(h)?
30
Let z(d) = -d**2 - 12*d - 41. Suppose -q - 4*b + 4 = 0, b - 27 = 24*q - 21*q. What is z(q)?
-9
Suppose -8*z = -20*z + 72. Let r(p) = 7*p - 59393*p**2 - p**3 - 15*p + 59400*p**2 + 6. What is r(z)?
-6
Suppose 3*x - 2*q + 4*q - 43 = 0, -2*x - 4*q + 42 = 0. Suppose x*a - 13 = 9. Suppose -a*g = g + 12. Let z(v) = -v**3 - 4*v**2 + 4*v + 2. Calculate z(g).
-14
Let a(c) = 4*c**2 + 180*c - 178. Let j be a(-46). Let w(t) = -t**3 + 8*t**2 - 11*t. Determine w(j).
6
Suppose -37 = 3*v - 2*w - 98, -2*w + 24 = 2*v. Suppose z = v - 6. Let p(j) be the first derivative of -j**2/2 + 8*j + 279. Give p(z).
-3
Let d(k) = k + 3. Let i be ((-15)/(-10))/3*(9 - -1). Let y(l) = l**2 - 3*l + 1. Let r be y(3). Suppose -r = p + i. What is d(p)?
-3
Let c be -10 - 1/(-2)*8. Let r(x) be the third derivative of x**6/720 + x**5/12 - 7*x**4/12 - 2*x**2. Let b(h) be the second derivative of r(h). What is b(c)?
4
Let y(t) = -t**3 + t**2 + t - 1. Let k = -45 - -36. Let u be (3/k)/(5/(-75)). Suppose 3 = 2*s + 2*v - v, 0 = -3*s - u*v + 15. What is y(s)?
-1
Let j = 15381 - 15372. Let p(l) = l**3 - 7*l**2 - 20*l + 4. Give p(j).
-14
Let y be 4/6 + 1140/(-342)*(-2)/(-1). Let s(g) = g**2 - g + 4. Determine s(y).
46
Let g(z) = 11*z**3 - 6*z**2 + 17*z + 1. Let x(c) = -38*c**3 + 17*c**2 - 52*c - 3. Let p(s) = -7*g(s) - 2*x(s). Calculate p(5).
-1
Let m(r) = -r - 3. Let u be 2/15*12 - 28/(-70). Suppose 3*c + 16 = -u*d, 5*c + 9 = -3*d - 14. Calculate m(d).
8
Suppose -2*m - 2*u - 6 = -m, -3*u - 3 = 3*m. Let z(p) = -m*p**3 + 64 - 106*p - 63 + 106*p + 7*p**3. Let j = -2 - -3. What is z(j)?
4
Let y(p) be the second derivative of 7*p**3/2 - 7*p**2 - 894*p. Give y(4).
70
Let p = -3499 - -3499. Let y(j) be the third derivative of 4*j**2 + 0*j - 5/6*j**3 + p + 1/24*j**4. Determine y(4).
-1
Suppose -m - 3*m + 16 = 0. Let r(f) be the second derivative of -f**3/6 - 5*f**2/2 + 3101*f - 1. Determine r(m).
-9
Let x = -697 + 699. Let l(p) be the first derivative of p**4/2 - p**3/3 + p**2 - p - 7. Calculate l(x).
15
Let j be 9 + -4 + 0 + -2 + -8 - 0. Let f(u) = u**3 + 7*u**2 - 2*u - 14. What is f(j)?
46
Let i(h) = -1414 - 1400 + 2818 - 15*h + h**2. Determine i(12).
-32
Let x(d) = 26*d + 257. Suppose 0 = 134*u + 864 + 525 - 49. What is x(u)?
-3
Let b(j) = -19*j**3 - 14*j**2 + 11*j - 78. Let c(n) = -6*n**3 - 2*n**2 - 5*n + 1. Let k(l) = -b(l) + 3*c(l). Calculate k(-11).
4
Suppose 6*p - 22 + 10 = 0. Let d(w) = -34 + w**2 + 4*w + 28 + 0*w**p. Calculate d(-5).
-1
Suppose p = 5*x - 68, 0 = 4*x - 9*x - p + 62. Let a = -2 + 4. Suppose -a*f - 9 = 2*l + 5, l = 3*f + x. Let d(h) = -2*h**2 + 2. Give d(l).
-6
Suppose 25*l + 253 = 3. Let t be (-6)/l + (-42)/(-30). Let r(o) be the third derivative of -o**6/120 + o**4/24 + o**3/6 + o**2. Give r(t).
-5
Let v be 30/(-75) - (-91)/(-35). Let m(l) = 2*l**2 + 12*l + 14. Give m(v).
-4
Let y(f) = -f - 38. Let q(h) = -3*h - 86. Let a(r) = 3*q(r) - 7*y(r). Calculate a(0).
8
Let w(d) = -11 + 23*d**2 - 3*d**2 - 2 + 3 - 22*d**2 - d**3. What is w(-3)?
-1
Let v(p) = 85*p**2 + 22*p - 9. Let u(o) = 115*o**2 + 23*o - 8. Let i(s) = -3*u(s) + 4*v(s). Give i(6).
-78
Suppose -4*i = -5*d - 69, 2*i + 15 = 4*d + 51. Let c(v) = v**3 - 15*v**2 - 15*v - 22. Give c(i).
-6
Suppose -s + 2 = 5. Let h(y) = -24 + 20 - 4*y - 8*y. Let a(t) = 26*t + 9. Let u(k) = s*a(k) - 7*h(k). Determine u(2).
13
Let k(s) = s**3 + 5*s**2 + 8*s + 1. Suppose 5*o = -35*o - 21840. Let w = 543 + o. Calculate k(w).
-5
Let a(m) = 16*m + 1. Let d(x) = -37*x - 4. Let i(z) = -2*a(z) - d(z). Suppose 4 = 5*l - 26. Suppose 0 = -l*s + s - 15. Calculate i(s).
-13
Let b(j) be the first derivative of -j**4/4 + 10*j**3/3 - 7*j**2/2 + 52*j - 1269. Determine b(10).
-18
Suppose -774*z + 2165*z + 2481 = -879*z - 11139. Let i(r) be the third derivative of -r**6/120 - r**5/12 + r**4/6 - 8*r**3/3 + r**2. Determine i(z).
-4
Let y(m) be the second derivative of -m**5/60 - m**4/8 + 33*m**3/2 - 9*m. Let f(h) be the second derivative of y(h). Determine f(-2).
1
Let c(b) = 12 + 35*b + 2*b**2 - 28 - 3 + 6. Let d be c(-18). Suppose 9 = d*o + 4*o. Let z(q) = 5*q**2 + q - 1. What is z(o)?
5
Suppose 4*r = 4*a - 20, 0 = 40*a - 41*a + 4. Let h(f) = -f**3 - 3*f**2 + 3*f + 4. Determine h(r).
-1
Let b(a) = 3*a**3 + 8*a**2 + 3*a + 4. Suppose -161 - 9 = 34*x + 51*x. Calculate b(x).
6
Let u(t) = -6*t + 21. Let g be u(0). Suppose 4*f - 13 = z, 4*f - 4 = -3*z + g. Let w(q) = 2*q + 2. Determine w(f).
10
Let n(t) be the third derivative of t**6/30 + t**5/60 + t**4/12 - t**3/3 - 2*t**2 + 2*t + 290. Determine n(2).
38
Let f(v) = -8*v. Let m(b) = -4*b**3 - 3*b**2 + 3*b + 1. Let x be m(-2). Suppose -39*k - x = 102. Give f(k).
24
Let c = 25 - 29. Let x(l) = 3*l + 9*l + l**3 + 10*l + 4*l**2 - 26*l. Calculate x(c).
16
Let z(a) be the first derivative of -8*a**2 - 10*a - 2250. Calculate z(-5).
70
Let w(y) = y**2 + 4*y - 5. Let r = 4 - 8. Let m be w(r). Let n(g) = g**3 - 7 - 3483*g**2 + 6960*g**2 - 6*g - 3473*g**2. What is n(m)?
-2
Let j(r) = r**2 + 7*r**2 + 21*r + 13*r + 11*r - 6 - 38*r. What is j(1)?
9
Let g(a) = a**3 - 7. Let c be ((-18 + -2)/4)/(-1). Let t(x) = x**3 - 8*x**2 + 9*x + 4. Let b be t(c). Let y = -26 - b. What is g(y)?
-7
Let z(l) = -l**2 - 7*l - 1. Let n be 1*(7 + -3) + 3. Let b = -1604 - -1601. Let t be (b + (-2)/(-1))*n. Give z(t).
-1
Let i(g) = -9*g**3 + 11*g**2 - 18*g. Let p(r) = -78 + 39 + 2*r + 4*r**3 - 2*r**3 + 37 - r. Let n(w) = i(w) + 5*p(w). Give n(-12).
2
Suppose 0 = -5*p - 5*c + 5, -5*p + 5*c = -3*p - 37. Let b(j) = 2*j**2 + 8 + p*j + 10*j - 5*j. What is b(-7)?
29
Let m = 535 - 469. Let l(b) = -m*b + 0 + 64*b - 2. What is l(4)?
-10
Let n(o) = 21*o - 21*o - 3 + 22*o - 18*o + 13*o. Give n(-1).
-20
Let c(b) = 0 - 9*b**2 - b**3 - 7 + 14*b + 4*b**2 - 18*b. Suppose -130*i + 122*i = 40. Give c(i).
13
Let l(g) be the first derivative of -3*g**2/2 + 17*g + 4158. Let c be (-1)/((10/(-5))/14). What is l(c)?
-4
Let z(